{"id":240,"date":"2021-05-16T12:42:44","date_gmt":"2021-05-16T12:42:44","guid":{"rendered":"https:\/\/vogt-gravuren.ch\/?page_id=240"},"modified":"2021-12-26T16:27:29","modified_gmt":"2021-12-26T16:27:29","slug":"wand-und-tuerbeschriftungsschilder","status":"publish","type":"page","link":"https:\/\/vogt-gravuren.ch\/?page_id=240","title":{"rendered":"Wand- und T\u00fcrbeschriftungsschilder"},"content":{"rendered":"\n<p>Schilderhalter zur Wandmontage. Montage mit doppelseitigem Klebeband oder mit Bohrl\u00f6cher. <\/p>\n\n\n\n<p>In silber- und goldfarbig erh\u00e4ltlich.<\/p>\n\n\n\n<p class=\"has-text-align-left\"><strong>Schildgr\u00f6sse:  <\/strong>                      <strong>Einlagegr\u00f6sse:<\/strong><\/p>\n\n\n\n<p class=\"has-text-align-left\">102 x 36 mm                         102 x 26 mm<\/p>\n\n\n\n<p>152 x 36 mm                         152 x 26 mm<\/p>\n\n\n\n<p>203 x 61 mm                        203 x 51 mm<\/p>\n\n\n\n<figure class=\"wp-block-image size-large\"><img loading=\"lazy\" decoding=\"async\" width=\"786\" height=\"597\" src=\"https:\/\/vogt-gravuren.ch\/wp-content\/uploads\/2021\/05\/Tuerschildhalter.png\" alt=\"\" class=\"wp-image-241\" srcset=\"https:\/\/vogt-gravuren.ch\/wp-content\/uploads\/2021\/05\/Tuerschildhalter.png 786w, https:\/\/vogt-gravuren.ch\/wp-content\/uploads\/2021\/05\/Tuerschildhalter-300x228.png 300w, https:\/\/vogt-gravuren.ch\/wp-content\/uploads\/2021\/05\/Tuerschildhalter-768x583.png 768w\" sizes=\"auto, (max-width: 767px) 89vw, (max-width: 1000px) 54vw, (max-width: 1071px) 543px, 580px\" \/><\/figure>\n","protected":false},"excerpt":{"rendered":"<p>Schilderhalter zur Wandmontage. Montage mit doppelseitigem Klebeband oder mit Bohrl\u00f6cher. In silber- und goldfarbig erh\u00e4ltlich. Schildgr\u00f6sse: Einlagegr\u00f6sse: 102 x 36 mm 102 x 26 mm 152 x 36 mm 152 x 26 mm 203 x 61 mm 203 x 51 mm<\/p>\n","protected":false},"author":1,"featured_media":0,"parent":0,"menu_order":0,"comment_status":"closed","ping_status":"closed","template":"","meta":{"footnotes":""},"class_list":["post-240","page","type-page","status-publish","hentry"],"yoast_head":"<!-- This site is optimized with the Yoast SEO plugin v27.4 - https:\/\/yoast.com\/product\/yoast-seo-wordpress\/ -->\n<title>Wand- und T\u00fcrbeschriftungsschilder - Vogt Gravuren<\/title>\n<meta name=\"description\" content=\"T\u00fcrbeschriftungen, Wandbeschriftung, Gravuren, Gravur, T\u00fcrschildhalter, Wandhalter, Namensschilder, Namensschildhalter\" \/>\n<meta name=\"robots\" content=\"index, follow, max-snippet:-1, max-image-preview:large, max-video-preview:-1\" \/>\n<link rel=\"canonical\" href=\"https:\/\/vogt-gravuren.ch\/?page_id=240\" \/>\n<meta property=\"og:locale\" content=\"de_DE\" \/>\n<meta property=\"og:type\" content=\"article\" \/>\n<meta property=\"og:title\" content=\"Wand- und T\u00fcrbeschriftungsschilder - Vogt Gravuren\" \/>\n<meta property=\"og:description\" content=\"T\u00fcrbeschriftungen, Wandbeschriftung, Gravuren, Gravur, T\u00fcrschildhalter, Wandhalter, Namensschilder, Namensschildhalter\" \/>\n<meta property=\"og:url\" content=\"https:\/\/vogt-gravuren.ch\/?page_id=240\" \/>\n<meta property=\"og:site_name\" content=\"Vogt Gravuren\" \/>\n<meta property=\"article:modified_time\" content=\"2021-12-26T16:27:29+00:00\" \/>\n<meta property=\"og:image\" content=\"https:\/\/vogt-gravuren.ch\/wp-content\/uploads\/2021\/05\/Tuerschildhalter.png\" \/>\n<meta name=\"twitter:card\" content=\"summary_large_image\" \/>\n<meta name=\"twitter:label1\" content=\"Gesch\u00e4tzte Lesezeit\" \/>\n\t<meta name=\"twitter:data1\" content=\"1\u00a0Minute\" \/>\n<script type=\"application\/ld+json\" class=\"yoast-schema-graph\">{\"@context\":\"https:\\\/\\\/schema.org\",\"@graph\":[{\"@type\":\"WebPage\",\"@id\":\"https:\\\/\\\/vogt-gravuren.ch\\\/?page_id=240\",\"url\":\"https:\\\/\\\/vogt-gravuren.ch\\\/?page_id=240\",\"name\":\"Wand- und T\u00fcrbeschriftungsschilder - Vogt Gravuren\",\"isPartOf\":{\"@id\":\"https:\\\/\\\/vogt-gravuren.ch\\\/#website\"},\"primaryImageOfPage\":{\"@id\":\"https:\\\/\\\/vogt-gravuren.ch\\\/?page_id=240#primaryimage\"},\"image\":{\"@id\":\"https:\\\/\\\/vogt-gravuren.ch\\\/?page_id=240#primaryimage\"},\"thumbnailUrl\":\"https:\\\/\\\/vogt-gravuren.ch\\\/wp-content\\\/uploads\\\/2021\\\/05\\\/Tuerschildhalter.png\",\"datePublished\":\"2021-05-16T12:42:44+00:00\",\"dateModified\":\"2021-12-26T16:27:29+00:00\",\"description\":\"T\u00fcrbeschriftungen, Wandbeschriftung, Gravuren, Gravur, T\u00fcrschildhalter, Wandhalter, Namensschilder, Namensschildhalter\",\"breadcrumb\":{\"@id\":\"https:\\\/\\\/vogt-gravuren.ch\\\/?page_id=240#breadcrumb\"},\"inLanguage\":\"de\",\"potentialAction\":[{\"@type\":\"ReadAction\",\"target\":[\"https:\\\/\\\/vogt-gravuren.ch\\\/?page_id=240\"]}]},{\"@type\":\"ImageObject\",\"inLanguage\":\"de\",\"@id\":\"https:\\\/\\\/vogt-gravuren.ch\\\/?page_id=240#primaryimage\",\"url\":\"https:\\\/\\\/vogt-gravuren.ch\\\/wp-content\\\/uploads\\\/2021\\\/05\\\/Tuerschildhalter.png\",\"contentUrl\":\"https:\\\/\\\/vogt-gravuren.ch\\\/wp-content\\\/uploads\\\/2021\\\/05\\\/Tuerschildhalter.png\",\"width\":786,\"height\":597},{\"@type\":\"BreadcrumbList\",\"@id\":\"https:\\\/\\\/vogt-gravuren.ch\\\/?page_id=240#breadcrumb\",\"itemListElement\":[{\"@type\":\"ListItem\",\"position\":1,\"name\":\"Startseite\",\"item\":\"https:\\\/\\\/vogt-gravuren.ch\\\/\"},{\"@type\":\"ListItem\",\"position\":2,\"name\":\"Wand- und T\u00fcrbeschriftungsschilder\"}]},{\"@type\":\"WebSite\",\"@id\":\"https:\\\/\\\/vogt-gravuren.ch\\\/#website\",\"url\":\"https:\\\/\\\/vogt-gravuren.ch\\\/\",\"name\":\"Vogt Gravuren\",\"description\":\"Ihr zuverl\u00e4ssiger Partner f\u00fcr Gravuren aller Art in der Region\",\"publisher\":{\"@id\":\"https:\\\/\\\/vogt-gravuren.ch\\\/#organization\"},\"potentialAction\":[{\"@type\":\"SearchAction\",\"target\":{\"@type\":\"EntryPoint\",\"urlTemplate\":\"https:\\\/\\\/vogt-gravuren.ch\\\/?s={search_term_string}\"},\"query-input\":{\"@type\":\"PropertyValueSpecification\",\"valueRequired\":true,\"valueName\":\"search_term_string\"}}],\"inLanguage\":\"de\"},{\"@type\":\"Organization\",\"@id\":\"https:\\\/\\\/vogt-gravuren.ch\\\/#organization\",\"name\":\"Vogt Gravuren\",\"url\":\"https:\\\/\\\/vogt-gravuren.ch\\\/\",\"logo\":{\"@type\":\"ImageObject\",\"inLanguage\":\"de\",\"@id\":\"https:\\\/\\\/vogt-gravuren.ch\\\/#\\\/schema\\\/logo\\\/image\\\/\",\"url\":\"https:\\\/\\\/vogt-gravuren.ch\\\/wp-content\\\/uploads\\\/2018\\\/10\\\/cropped-LogoGravuren.jpg\",\"contentUrl\":\"https:\\\/\\\/vogt-gravuren.ch\\\/wp-content\\\/uploads\\\/2018\\\/10\\\/cropped-LogoGravuren.jpg\",\"width\":1062,\"height\":250,\"caption\":\"Vogt Gravuren\"},\"image\":{\"@id\":\"https:\\\/\\\/vogt-gravuren.ch\\\/#\\\/schema\\\/logo\\\/image\\\/\"}}]}<\/script>\n<!-- \/ Yoast SEO plugin. -->","yoast_head_json":{"title":"Wand- und T\u00fcrbeschriftungsschilder - Vogt Gravuren","description":"T\u00fcrbeschriftungen, Wandbeschriftung, Gravuren, Gravur, T\u00fcrschildhalter, Wandhalter, Namensschilder, Namensschildhalter","robots":{"index":"index","follow":"follow","max-snippet":"max-snippet:-1","max-image-preview":"max-image-preview:large","max-video-preview":"max-video-preview:-1"},"canonical":"https:\/\/vogt-gravuren.ch\/?page_id=240","og_locale":"de_DE","og_type":"article","og_title":"Wand- und T\u00fcrbeschriftungsschilder - Vogt Gravuren","og_description":"T\u00fcrbeschriftungen, Wandbeschriftung, Gravuren, Gravur, T\u00fcrschildhalter, Wandhalter, Namensschilder, Namensschildhalter","og_url":"https:\/\/vogt-gravuren.ch\/?page_id=240","og_site_name":"Vogt Gravuren","article_modified_time":"2021-12-26T16:27:29+00:00","og_image":[{"url":"https:\/\/vogt-gravuren.ch\/wp-content\/uploads\/2021\/05\/Tuerschildhalter.png","type":"","width":"","height":""}],"twitter_card":"summary_large_image","twitter_misc":{"Gesch\u00e4tzte Lesezeit":"1\u00a0Minute"},"schema":{"@context":"https:\/\/schema.org","@graph":[{"@type":"WebPage","@id":"https:\/\/vogt-gravuren.ch\/?page_id=240","url":"https:\/\/vogt-gravuren.ch\/?page_id=240","name":"Wand- und T\u00fcrbeschriftungsschilder - Vogt Gravuren","isPartOf":{"@id":"https:\/\/vogt-gravuren.ch\/#website"},"primaryImageOfPage":{"@id":"https:\/\/vogt-gravuren.ch\/?page_id=240#primaryimage"},"image":{"@id":"https:\/\/vogt-gravuren.ch\/?page_id=240#primaryimage"},"thumbnailUrl":"https:\/\/vogt-gravuren.ch\/wp-content\/uploads\/2021\/05\/Tuerschildhalter.png","datePublished":"2021-05-16T12:42:44+00:00","dateModified":"2021-12-26T16:27:29+00:00","description":"T\u00fcrbeschriftungen, Wandbeschriftung, Gravuren, Gravur, T\u00fcrschildhalter, Wandhalter, Namensschilder, Namensschildhalter","breadcrumb":{"@id":"https:\/\/vogt-gravuren.ch\/?page_id=240#breadcrumb"},"inLanguage":"de","potentialAction":[{"@type":"ReadAction","target":["https:\/\/vogt-gravuren.ch\/?page_id=240"]}]},{"@type":"ImageObject","inLanguage":"de","@id":"https:\/\/vogt-gravuren.ch\/?page_id=240#primaryimage","url":"https:\/\/vogt-gravuren.ch\/wp-content\/uploads\/2021\/05\/Tuerschildhalter.png","contentUrl":"https:\/\/vogt-gravuren.ch\/wp-content\/uploads\/2021\/05\/Tuerschildhalter.png","width":786,"height":597},{"@type":"BreadcrumbList","@id":"https:\/\/vogt-gravuren.ch\/?page_id=240#breadcrumb","itemListElement":[{"@type":"ListItem","position":1,"name":"Startseite","item":"https:\/\/vogt-gravuren.ch\/"},{"@type":"ListItem","position":2,"name":"Wand- und T\u00fcrbeschriftungsschilder"}]},{"@type":"WebSite","@id":"https:\/\/vogt-gravuren.ch\/#website","url":"https:\/\/vogt-gravuren.ch\/","name":"Vogt Gravuren","description":"Ihr zuverl\u00e4ssiger Partner f\u00fcr Gravuren aller Art in der Region","publisher":{"@id":"https:\/\/vogt-gravuren.ch\/#organization"},"potentialAction":[{"@type":"SearchAction","target":{"@type":"EntryPoint","urlTemplate":"https:\/\/vogt-gravuren.ch\/?s={search_term_string}"},"query-input":{"@type":"PropertyValueSpecification","valueRequired":true,"valueName":"search_term_string"}}],"inLanguage":"de"},{"@type":"Organization","@id":"https:\/\/vogt-gravuren.ch\/#organization","name":"Vogt Gravuren","url":"https:\/\/vogt-gravuren.ch\/","logo":{"@type":"ImageObject","inLanguage":"de","@id":"https:\/\/vogt-gravuren.ch\/#\/schema\/logo\/image\/","url":"https:\/\/vogt-gravuren.ch\/wp-content\/uploads\/2018\/10\/cropped-LogoGravuren.jpg","contentUrl":"https:\/\/vogt-gravuren.ch\/wp-content\/uploads\/2018\/10\/cropped-LogoGravuren.jpg","width":1062,"height":250,"caption":"Vogt Gravuren"},"image":{"@id":"https:\/\/vogt-gravuren.ch\/#\/schema\/logo\/image\/"}}]}},"_links":{"self":[{"href":"https:\/\/vogt-gravuren.ch\/index.php?rest_route=\/wp\/v2\/pages\/240","targetHints":{"allow":["GET"]}}],"collection":[{"href":"https:\/\/vogt-gravuren.ch\/index.php?rest_route=\/wp\/v2\/pages"}],"about":[{"href":"https:\/\/vogt-gravuren.ch\/index.php?rest_route=\/wp\/v2\/types\/page"}],"author":[{"embeddable":true,"href":"https:\/\/vogt-gravuren.ch\/index.php?rest_route=\/wp\/v2\/users\/1"}],"replies":[{"embeddable":true,"href":"https:\/\/vogt-gravuren.ch\/index.php?rest_route=%2Fwp%2Fv2%2Fcomments&post=240"}],"version-history":[{"count":3,"href":"https:\/\/vogt-gravuren.ch\/index.php?rest_route=\/wp\/v2\/pages\/240\/revisions"}],"predecessor-version":[{"id":245,"href":"https:\/\/vogt-gravuren.ch\/index.php?rest_route=\/wp\/v2\/pages\/240\/revisions\/245"}],"wp:attachment":[{"href":"https:\/\/vogt-gravuren.ch\/index.php?rest_route=%2Fwp%2Fv2%2Fmedia&parent=240"}],"curies":[{"name":"wp","href":"https:\/\/api.w.org\/{rel}","templated":true}]}}